-2*b + c, -4*c = -4. Let h be b/46*2/5. Give v(h).
7
Let j(z) = -8*z**2 - 35*z - 21. Let t(l) = -19*l**2 - 79*l - 43. Let m(x) = 7*j(x) - 3*t(x). What is m(9)?
-9
Let i(z) be the second derivative of 8*z**3/3 + 27*z**2 - 7*z - 198. Determine i(-4).
-10
Let x be (-1486)/21*-6 - 9/(-21). Suppose -410 = 3*g - x. Let v(k) = k**3 - 6*k**2 + 2*k - 6. Calculate v(g).
-21
Let s(x) = x**3 - 5*x**2 + 7*x. Let z be s(3). Let c(m) = z*m - 4*m + 4*m + 35 - 23. Suppose -20 = 2*l - y, l - 1 = -2*y - 6. What is c(l)?
-15
Let u(y) be the third derivative of -y**6/60 + y**5/20 - y**4/6 - 7*y**3/3 + 39*y**2 - 50. Determine u(-3).
79
Let y be ((-6)/4)/(48/(-704)). Let h(s) = s**2 - 21*s - 39. What is h(y)?
-17
Let p(k) = -k**3 + 4*k**2 + 3*k. Let h = 2464 - 2458. Determine p(h).
-54
Let p(w) be the third derivative of -w**5/20 + w**4/24 + w**3 + 65*w**2 + 4*w. Calculate p(3).
-18
Let w(c) = 119 + 90574*c - 1 - 90570*c. Calculate w(-26).
14
Suppose 4 = 30*q + 124. Let w(k) = 8*k - 6*k - 1 - 1. Give w(q).
-10
Let t(v) = -15*v**2 + 5*v - 6. Let m = 634 + -633. Determine t(m).
-16
Let c(i) be the third derivative of 0*i + 4*i**3 - 31*i**2 - 1/120*i**5 - 11/24*i**4 + 0. Let h(a) be the first derivative of c(a). What is h(-10)?
-1
Let w(p) be the first derivative of p**4/4 - 4*p**3/3 + p**2 - p - 2057. What is w(4)?
7
Let x(h) be the second derivative of 5*h**3/3 - 6*h**2 - 6*h - 20. Calculate x(10).
88
Suppose 2*r + 0 - 20 = 5*a, -4 = -3*a - 2*r. Let i(h) = 5 - 2277*h + 4526*h - 2244*h. Calculate i(a).
-5
Let y(a) = -8*a + 4. Let w(n) = -2*n**3 + 13*n**2 - 3*n - 11. Let h be w(6). Let u(f) = h + f - 6 - 2. Let m(l) = -4*u(l) - y(l). Give m(1).
4
Let g(d) be the second derivative of d**4/12 + d**3/2 - 2*d**2 + d - 3990. Let q(i) = -i**2 + 10*i - 19. Let o be q(8). What is g(o)?
-4
Let f(x) be the third derivative of -x**5/12 - 5*x**4/12 + 10*x**3/3 + 184*x**2 + x + 3. What is f(2)?
-20
Let u(m) = -m**2 - 8*m - 9. Suppose -2*f - c - 60 = -67, -3*f = 3*c - 3. Suppose -178*z = -176*z + f. Determine u(z).
6
Let k(j) = 2*j**2 - 8*j - 11. Let o be -17 + 16 + (-1 + -1 - (-13 + 12)). Calculate k(o).
13
Let t(g) = 2*g**2 + 38 - 8*g**2 + 5*g**2 + 1161*g - 1143*g. Give t(18).
38
Let j(z) = -z**3 - 6*z**2 - 2*z + 25. Let v = 8648 + -8654. Determine j(v).
37
Let g(n) be the first derivative of -n**3/3 + 15*n**2/2 - 18*n + 1050. Calculate g(12).
18
Let m(g) = 3*g + 30. Let k be -8 - (1144/(-13))/11. Determine m(k).
30
Suppose -86 = 232*d - 229*d + 19. Let c(r) = 2*r**2 + 69*r - 39. Give c(d).
-4
Let s(c) be the first derivative of 2*c**2 - 11*c + 1428. Determine s(4).
5
Let o(d) = -2*d**2 + 6*d - 5. Suppose 5*b + 5*g = 20 + 15, -b - 2*g + 10 = 0. Suppose 0 = 4*l - 2*l + 4, -2*l = -b*q + 20. Determine o(q).
-13
Let z(x) be the first derivative of x**6/360 + x**5/12 - x**4/4 + 49*x**3/3 + 58. Let w(q) be the third derivative of z(q). Give w(-5).
-31
Let x(h) = -11*h + 3*h + 67 - 152 + 39 + 94. What is x(6)?
0
Let t be (-6)/(-3)*(32/160)/(2/(-35)). Let f(g) = -g**2 - 12*g - 32. Give f(t).
3
Let m(a) = 20*a - 15. Let l(z) = -318*z + 240. Let c(k) = -2*l(k) - 33*m(k). Determine c(3).
-57
Suppose -4*w - 24 = 12. Let m(k) = 13*k**3 + 14*k**2 - 28*k - 11. Let z(y) = 11*y**3 + 13*y**2 - 25*y - 11. Let f(j) = 5*m(j) - 6*z(j). Calculate f(w).
2
Let j(q) be the first derivative of q**4/4 - 2*q**3 + 9*q - 2015. What is j(6)?
9
Let z(g) = -2*g**3 - 4*g**2 - 2*g + 2. Suppose -2*f + 5*f + 4*k = -75, -5*k + 25 = -f. Let m = 55 + f. Let t be 5/25 - 22*3/m. Determine z(t).
6
Let g(z) be the first derivative of -z**4/4 + 77*z**3/3 - 221*z**2/2 - 69*z - 10408. Determine g(74).
5
Let y = -4258 + 4252. Let f(q) = q**3 + 8*q**2 + 8*q - 6. Give f(y).
18
Let a(x) = x**2 + 9*x + 1. Let s(p) = 6*p - 56. Let l(r) = r + 16. Let w be l(-8). Let c be s(w). Calculate a(c).
-7
Let m(n) = -3*n**2 - 13*n + 67. Let p(o) = -11*o**2 - 35*o + 199. Let k(t) = -7*m(t) + 2*p(t). Determine k(17).
-3
Let o(d) = -2*d**2 - 25*d - 35. Let b(u) = u**2 - 83*u + 71. Let g be b(82). What is o(g)?
-2
Let h(k) = -242*k - 4119. Let n be h(-17). Let t(b) = -17*b - 1. Give t(n).
84
Let t(v) = 6*v**2 + 4*v - 78. Let c(m) = 2*m**2 + m - 27. Let j(r) = -17*c(r) + 6*t(r). Let z be j(-5). Let g(d) = -d**2 + 9*d - 7. What is g(z)?
11
Let j be 9 - (4/(-4) + (-5 - -17)). Let c(i) = 18*i - 2. Calculate c(j).
-38
Let v(q) = q**3 + 1. Let k be v(-1). Let z be k/99 + ((-1)/1 - 3). Let j(a) = -1. Let g(m) = -m + 2. Let f(l) = -g(l) - 6*j(l). Calculate f(z).
0
Let q(d) = -d**3 - d**2 + 2*d + 4. Let s(v) = 2*v**3 + 6*v**2 - 4*v. Let f be s(0). Determine q(f).
4
Let g(i) = -9*i - 14. Let p(y) = 22*y + 34. Let z(c) = -12*g(c) - 5*p(c). Let a(s) = -s**3 - 22*s**2 - s - 15. Let o be a(-22). Let h = o + -11. What is z(h)?
6
Suppose 3*o - 16 = -4*r, 3*r - 10*o = -8*o + 12. Suppose t = 2*t + r. Let w(n) = -n**2 - 6*n + 4. What is w(t)?
12
Suppose 72 = -13*n - 5*n. Let l(s) be the second derivative of -s**5/20 - s**4/2 - 5*s**3/6 + 2*s**2 - s - 93. What is l(n)?
-8
Let x(p) = -p**2 + 6*p - 7. Let r(l) = -5*l - 30. Let s be r(-12). Let d = -32 + s. Let o(c) = -3*c**2 + 13*c - 15. Let m(w) = d*o(w) + 5*x(w). Calculate m(-4).
-5
Let t = -129 - -162. Suppose -t*a + 120 = -18*a. Let s(j) = -j**3 + 7*j**2 + 6*j + 9. What is s(a)?
-7
Let h be -2 + (-10)/(-4) - (-2352)/32. Let u = 68 - h. Let n(c) = c - 12. Let k(m) = -4*m + 35. Let w(y) = -2*k(y) - 7*n(y). Determine w(u).
8
Let l(s) = 221*s. Let p(k) = 20*k. Let j(x) = -3*l(x) + 34*p(x). Let d(h) = h**2 + 27*h - 279. Let b be d(-35). What is j(b)?
17
Suppose j - 4*w - 10 = 0, 3*w + 5 = -j + 1. Let l(g) be the third derivative of 1/3*g**3 + 0 + 6*g**2 + 0*g - 1/24*g**4. Determine l(j).
0
Let n(c) = -c**3 - 12*c**2 - 10*c + 15. Let q(j) = 24*j + 11. Let v be q(6). Suppose 4 = -2*w + 14, 5*w - v = 5*x. Let y = x + 15. Determine n(y).
4
Let z(h) = 3*h**2 + h + 2*h + 0*h - h**3 + 3 - 4. Suppose 4*j = 3*a + 13, -47*j + 48*j = 3*a + 1. Calculate z(j).
-5
Let c(u) = -13*u - 2. Suppose -7*y = -13*y + 120. Let b be 4*((-15)/y)/(-1) + -5. What is c(b)?
24
Let a = 13806 + -13812. Let f(d) = -d**2 + 52*d + 343. Calculate f(a).
-5
Let a(d) = 6*d + 47. Let z(g) = -3*g - 24. Let h(p) = 6*a(p) + 11*z(p). Let c(n) = -895*n + 7152. Let k be c(8). What is h(k)?
-6
Suppose 82*o = 74*o + 1760. Let w = -221 + o. Let p(q) = -17*q. Determine p(w).
17
Let d(i) = 7*i**3 - 17*i**2 - 8*i + 76. Let u(g) = -8*g**3 + 16*g**2 + 9*g - 81. Let z(h) = -7*d(h) - 6*u(h). What is z(23)?
0
Let j(p) be the second derivative of p**4/6 + p**3/2 - 2*p**2 - 5*p - 9. Let w(d) = -20*d - 105. Let k be w(-5). Determine j(k).
31
Let w(g) = g**3 + 2*g + 1. Let s(f) = f**3 + 14*f**2 - 35*f + 35. Let b be s(-16). Let l = b - 84. Give w(l).
-2
Let k(d) be the third derivative of -1/24*d**4 - 1/3*d**3 - 57*d**2 + 0 + 0*d. Determine k(-2).
0
Let m(j) = -j**2 + 5*j - 9. Suppose -5*b = 12*b - 34. Determine m(b).
-3
Let x(u) be the second derivative of u**4/12 + 5*u**3/6 + 3*u**2 + 3*u. Suppose 28*a - 2*w - 14 = 29*a, a - 5*w - 21 = 0. Give x(a).
2
Let o(g) = 34*g**2 + 3*g - 28*g**2 - 2 + 49*g**2 - 6*g. Let u be o(-1). Let w be (u/(-20))/(4 + (-44)/10). Let l(r) = -r**2 + 3*r + 10. Calculate l(w).
-18
Let z(s) = 6*s**3 + s**2 + 2*s + 3. Suppose -k + 5 = n, 3*k + 13 = 2*n - 7. What is z(k)?
-45
Let c(p) = 32*p + 986. Let i be c(-30). Let v(s) be the first derivative of i - 1/2*s**2 - 5*s. Give v(-3).
-2
Let u(p) = -16*p + 10. Let z = -3631 + 3627. Give u(z).
74
Suppose 29*o + 1396 = 1193. Let t(k) = -5*k**2 - k**2 + 7*k**2 + 9*k + 8. Give t(o).
-6
Let q(o) = 20*o**2 + 4*o + 26. Let t(c) = -7*c**2 - c - 9. Let r(s) = 6*q(s) + 17*t(s). Suppose -832 = 24*p + 184*p. Calculate r(p).
-9
Let w(k) = -6*k. Let u be w(1). Let h(z) = -3*z + 11. Let m(x) = 4*x - 12. Let f(c) = u*h(c) - 5*m(c). Calculate f(-6).
6
Let r(b) = 5*b**3 - 6*b**2 - 3. Let c(t) = 17*t**3 - 18*t**2 + 2*t - 8. Suppose 16*v = -8*v - 48. Let z(f) = v*c(f) + 7*r(f). Give z(7).
16
Let t(b) = 12*b**3 - 12*b**2 + 4*b - 6. Let j(c) = -2*c + 3 + 1 + 2 + 6*c**2 - 3 + 1426*c**3 - 1431*c**3. Let v(q) = 5*j(q) + 2*t(q). Determine v(6).
-9
Let i(d) = -9*d - 2. Let h(j) = j**3 - 28*j**2 - 23*j + 640. Let v be h(28). Calculate i(v).
34
Let i(q) = 2*q**2 + 10*q + 2. Let f(k) = -k**2 + 88*k - 648. Let s be f(8). Give i(s).
50
L